+ 476. Determine z(7).
7
Let w(o) = -o**3 + 5*o**2 - 7*o + 11. Calculate w(5).
-24
Let x(b) = 3*b**3 + 12*b**2 - b - 5. What is x(-5)?
-75
Let d(o) = -29*o - 154. Calculate d(-6).
20
Let l(z) = z**3 + z**2 - 5*z + 2. Give l(3).
23
Let m(r) = r**3 - 4*r**2 + 4*r - 8. What is m(4)?
8
Let r(x) = x + 40. Determine r(-33).
7
Let t(p) = p**2 + 10*p + 15. Determine t(-8).
-1
Let r(q) = q**3 - 6*q**2 - 8*q - 5. Determine r(7).
-12
Let y(q) = -41*q + 197. Calculate y(5).
-8
Let y(d) = -d**3 - 5*d**2 - 2*d + 6. Determine y(-5).
16
Let d(m) = -18*m - 13. What is d(3)?
-67
Let u(h) = -h**3 - h**2 - 36. Calculate u(0).
-36
Let t(b) = -2*b**2 - 3*b + 9. Determine t(-4).
-11
Let w(c) = c**3 + 16*c**2 + 27*c - 13. Calculate w(-14).
1
Let l(f) = -f**3 + 9*f**2 + 3*f - 30. What is l(9)?
-3
Let b(h) = -h**3 + 10*h**2 - 4*h - 37. Calculate b(8).
59
Let b(p) = 4*p - 52. What is b(12)?
-4
Let k(g) = -10*g**3 + 3*g**2 + 21*g - 23. Calculate k(1).
-9
Let q(o) = -o**2 + 7*o - 5. Determine q(9).
-23
Let a(c) = c**3 - 7*c**2 - 8*c + 1. What is a(8)?
1
Let j(a) = 3*a**2 + 7*a - 6. Determine j(-3).
0
Let t(r) = r**2 - 7*r - 34. Calculate t(11).
10
Let i(p) = -21*p - 99. What is i(-6)?
27
Let w(v) = v + 2. Give w(7).
9
Let i(o) = 2*o + 33. Calculate i(-4).
25
Let f(m) = -m**2 - m + 2. Give f(-3).
-4
Let i(z) = 7*z - 87. Calculate i(13).
4
Let t(y) = -y**3 - 20*y**2 - 21*y - 6. What is t(-19)?
32
Let o(t) = t**2 + 10*t + 15. Calculate o(-6).
-9
Let u(i) = 9*i + 11. Determine u(-2).
-7
Let c(s) = -2*s - 33. Calculate c(-15).
-3
Let j(l) = -l**2 - 12*l - 7. Give j(-10).
13
Let h(g) = g**3 - 17*g**2 + 20. Give h(17).
20
Let f(p) = -p**2 - p + 2. Calculate f(3).
-10
Let y(c) = c**3 - 2*c**2 + 11. Give y(0).
11
Let a(u) = 4*u + 1. Determine a(1).
5
Let b(j) = j**3 - 42*j**2 - 45*j + 80. Give b(43).
-6
Let d(o) = -o + 46. Determine d(16).
30
Let n(d) = d**2 + 3*d - 37. Give n(0).
-37
Let i(u) = -45*u**3 - u - 2. Calculate i(-1).
44
Let b(y) = 2*y**2 + 3*y - 105. Calculate b(-10).
65
Let m(h) = h**3 - 4*h**2 - h + 1. What is m(4)?
-3
Let n(o) = o**2 - 12*o. Give n(12).
0
Let j(g) = g**2 + 19*g + 50. Determine j(-15).
-10
Let d(i) = -i**3 - 9*i**2 - 11*i - 7. Give d(-8).
17
Let c(d) = 25*d + 4. Calculate c(-2).
-46
Let c(r) = r**3 + 4*r**2 + 2*r + 5. What is c(-4)?
-3
Let j(c) = c**3 + 6*c**2 + 5*c + 7. Give j(-6).
-23
Let f(c) = 2*c - 30. Calculate f(9).
-12
Let k(d) = 4*d - 23. Give k(7).
5
Let b(m) = m**2 + 14. Determine b(-7).
63
Let g(s) = -2*s**2 + 6*s + 139. Give g(-7).
-1
Let q(t) = 7*t + 20. Determine q(-5).
-15
Let g(c) = 2*c**3 - 27*c**2 - 14*c + 4. What is g(14)?
4
Let j(z) = -5*z + 166. Determine j(32).
6
Let n(x) = x**2 - 13*x + 18. What is n(10)?
-12
Let w(p) = p**2 - 14*p + 1. Calculate w(4).
-39
Let q(y) = -30*y. Calculate q(-1).
30
Let t(g) = -3*g**3 - g - 1. Determine t(-1).
3
Let u(f) = 17*f - 5. Calculate u(2).
29
Let s(t) = -t**3 - 11*t**2 - 24*t - 22. What is s(-9)?
32
Let g(f) = f**3 - 6*f**2 - 7*f + 32. Give g(5).
-28
Let x(k) = -k**3 - 40*k**2 - 36*k + 92. Determine x(-39).
-25
Let h(f) = f**3 + 17*f**2 - 43*f - 79. Calculate h(-19).
16
Let k(r) = -r**3 - 4*r**2 + 7*r - 2. What is k(-5)?
-12
Let t(y) = -y**3 - 15*y**2 - 24*y + 16. What is t(-13)?
-10
Let i(t) = 41*t**3 + t**2 - t - 2. Give i(-1).
-41
Let y(r) = 4*r - 16. Give y(6).
8
Let s(x) = -x**3 - 6*x**2 + 20. Determine s(-5).
-5
Let q(l) = -2*l**3 - 15*l**2 + 8*l. Determine q(-8).
0
Let w(t) = 5*t. Determine w(-5).
-25
Let f(w) = w**2 + 2*w + 8. What is f(0)?
8
Let y(v) = v + 3. What is y(-10)?
-7
Let d(a) = -a**3 - 5*a**2 + 6*a - 1. What is d(-6)?
-1
Let o(v) = -v**3 + 11*v**2 - 9. Determine o(11).
-9
Let c(n) = -n**3 - 2*n - 5. Calculate c(0).
-5
Let i(d) = d**2 + 17*d + 3. Give i(-16).
-13
Let p(j) = -j**2 - 12*j - 8. Calculate p(-12).
-8
Let s(g) = -g**2 + g - 4. Determine s(-2).
-10
Let m(l) = -2*l - 2. Give m(0).
-2
Let n(f) = -f - 4. What is n(4)?
-8
Let s(l) = 8*l**3 - 2*l + 1. Calculate s(1).
7
Let p(o) = 2*o**2 + 52*o + 25. Determine p(-26).
25
Let t(o) = o**2 - 11*o - 60. Determine t(15).
0
Let i(t) = -3*t + 20. Determine i(7).
-1
Let d(b) = -b**2 + 15*b - 20. Give d(13).
6
Let n(g) = -13*g + 358. Give n(28).
-6
Let j(p) = -2*p**2 + 15*p - 25. What is j(4)?
3
Let u(p) = 43*p + 118. Give u(-3).
-11
Let c(y) = 20*y - 308. What is c(16)?
12
Let v(q) = q**3 - 12*q**2 - 17*q + 11. What is v(13)?
-41
Let c(o) = 20*o - 194. What is c(10)?
6
Let d(y) = y**2 - y - 3. What is d(-3)?
9
Let d(o) = -3*o**2 - 24*o - 17. Calculate d(-7).
4
Let a(h) = -h**3 - 4*h**2 + h + 4. Determine a(-4).
0
Let t(g) = -g**2 - g + 30. Give t(-7).
-12
Let k(q) = 149*q + 594. Give k(-4).
-2
Let q(i) = -2*i**3 + 2*i**2 + 5*i + 4. What is q(-2)?
18
Let m(f) = f**2 - 9*f - 1. Give m(6).
-19
Let m(w) = -w**3 + w**2 - 5*w - 5. Calculate m(-2).
17
Let w(n) = -n**3 - 13*n**2 + 13*n - 13. Determine w(-14).
1
Let u(z) = 2*z**2 - 9*z + 5. Calculate u(3).
-4
Let p(o) = -o**2 - 12*o - 2. Determine p(-5).
33
Let p(i) = i**3 + 17*i**2 - 19*i - 27. What is p(-18)?
-9
Let g(t) = 8*t - 9. Give g(4).
23
Let z(h) = -6*h - 99. Calculate z(-19).
15
Let m(k) = -14*k - 50. Calculate m(-4).
6
Let c(x) = x**3 + 8*x**2 + 13*x + 17. Determine c(-8).
-87
Let a(n) = -11*n + 7. Determine a(5).
-48
Let d(h) = 2*h**3 - 9*h**2 + h + 4. Give d(4).
-8
Let o(t) = -9*t**2 + 5*t - 2. Calculate o(-3).
-98
Let k(x) = -x - 7. Calculate k(-5).
-2
Let n(i) = i**3 - 5*i**2 + 7*i - 13. Give n(4).
-1
Let j(w) = 73*w - 2. What is j(-1)?
-75
Let x(j) = 2*j - 12. Calculate x(4).
-4
Let g(v) = 5*v + 128. Determine g(-26).
-2
Let q(y) = -2*y - 19. Calculate q(-8).
-3
Let v(i) = -i**3 + 6*i**2 + 4*i + 4. Calculate v(6).
28
Let c(v) = v**3 - 10*v**2 + 14*v - 18. Determine c(8).
-34
Let o(n) = 23*n + 1. Calculate o(-1).
-22
Let n(q) = q**3 - 12*q**2 - 31*q + 40. What is n(14)?
-2
Let q(j) = j**2 + j - 7. Determine q(-2).
-5
Let h(c) = c**3 - 2*c**2 - 5*c + 8. Determine h(4).
20
Let i(k) = -4*k + 20. Calculate i(4).
4
Let o(l) = -23*l**3 + 4*l**2 - 5*l + 5. Determine o(1).
-19
Let x(c) = -c**3 - 27*c**2 + 26*c - 55. Give x(-28).
1
Let x(d) = 2*d**3 - 24*d**2 + 4*d - 20. Calculate x(12).
28
Let s(l) = l + 16. Determine s(-5).
11
Let y(o) = -o**3 - 6*o**2 + 5*o + 8. What is y(-7)?
22
Let m(k) = 3*k**3 + 2*k**2 - 2. What is m(-2)?
-18
Let c(z) = 20*z + 5. Calculate c(0).
5
Let l(x) = 33*x - 195. What is l(6)?
3
Let z(j) = -4*j**2 + 167*j + 44. Calculate z(42).
2
Let w(a) = a**2 + 11*a - 94. What is w(-17)?
8
Let q(t) = 17*t - 624. Calculate q(37).
5
Let q(i) = -i**3 - 15*i**2 + 18*i + 22. Calculate q(-16).
-10
Let a(z) = 3*z**2 - 95*z - 26. Calculate a(32).
6
Let o(g) = -2*g**2 + 39*g - 26. What is o(18)?
28
Let m(o) = -o - 2. What is m(-2)?
0
Let q(k) = 3*k**2 + 21*k + 19. Calculate q(-3).
-17
Let c(k) = 23*k**3 - 4*k**2 + 5*k + 1. Determine c(1).
25
Let z(f) = -3*f + 1. What is z(7)?
-20
Let n(t) = -t**3 - 17*t**2 + 2*t + 26. Calculate n(-17).
-8
Let b(h) = -3*h**2 + 13*h - 4. Give b(4).
0
Let y(m) = -6*m + 28. Give y(0).
28
Let l(o) = 9*o - 35. What is l(-4)?
-71
Let j(k) = 2*k**2 + 43*k - 27. Give j(-22).
-5
Let y(b) = -b**2 + 3*b + 14. Determine y(5).
4
Let i(p) = -43*p - 92. Give i(-4).
80
Let b(h) = h**3 - h**2 - 2. Calculate b(-2).
-14
Let k(g) = -g + 6. Give k(3).
3
Let l(j) = j**2 - 61*j - 710. Calculate l(-10).
0
Let j(z) = z**2 - 11*z + 3. Determine j(8).
-21
Let o(c) = -12*c - 4. Calculate o(-2).
20
Let u(d) = 4*d**3 - d**2 - d + 1. Calculate u(-1).
-3
Let r(o) = -o**3 - 15*o**2 + o + 8. Determine r(-15).
-7
Let d(q) = -5*q - 35. What is d(-6)?
-5
Let p(m) = 10*m + 12. Calculate p(-5).
-38
Let i(t) = -7*t + 5. Calculate i(1).
-2
Let d(r) = -r**3 - 5*r**2 + 2*r - 36. Give d(-7).
48
Let z(l) = l**3 + 22*l**2 - 50*l - 44. Calculate z(-24).
4
Let d(s) = -2*s. Determine d(4).
-8
Let o(c) = -7*c - 25. What is o(-14)?
73
Let s(y) = y**2 + 3*y + 3. Give s(-3).
3
Let z(h) = -2*h**2 - 27*h - 25. Calculate z(-12).
11
Let p(z) = -z**2 + 5*z - 2. Calculate p(6).
-8
Let v(j) = -j**2 + 8*j - 19. Calculate v(2).
-7
Let o(g) = -g**3 - 14*g**2 - 12*g + 3. Calculate o(-13).
-10
Let b(o) = -2*o**3 + o**2 + 7*o + 2. Determine b(-2).
8
Let n(m) = -m**2 - 4*m - 13. Give n(-5).
-18
Let y(i) = -i**3 + 4*i**2 - 4*i + 3. Give y(3).
0
Let v(o) = -9*o + 32. Calculate v(3).
5
Let i(l) = l**